
Let w(o) be the third derivative of o**6/120 - o**5/6 + o**4/12 - 2*o**3 + 4*o**2. List the prime factors of w(10).
2
List the prime factors of (1 + 9)*(214 + 1)/5.
2, 5, 43
Let w = 37 + -44. What are the prime factors of -1*(w - (4 + -5))?
2, 3
Let k = 18 - 4. Suppose -5*d = -3*d - 2*u - 60, -2*d + u = -56. Let b = d - k. List the prime factors of b.
2, 3
Let v = 862 - -533. List the prime factors of v.
3, 5, 31
Let s(y) = -8*y + 1. Let v be s(-8). List the prime factors of 39/v + 887/5.
2, 89
Suppose -5*t = -4*t + 4*k + 13, -5*t = k - 11. Suppose 310 = 2*u - m + 2*m, -t*u - 2*m + 465 = 0. What are the prime factors of u?
5, 31
Suppose 2*k - 16 = 6*k - 2*b, -5*k + 2*b - 22 = 0. List the prime factors of (-489)/k - (-5)/10.
2, 41
Suppose 12*v + 1246 = 5866. List the prime factors of v.
5, 7, 11
Let y(a) = 2*a**3 - 5*a**2 - 5*a - 14. What are the prime factors of y(7)?
2, 7
Let j(m) be the second derivative of m**4/24 + m**3/3 + m**2 - 2*m. Let i(v) be the first derivative of j(v). List the prime factors of i(1).
3
Let n(g) be the first derivative of g**4/4 + 7*g**3 + 17*g**2/2 - 21*g - 12. What are the prime factors of n(-20)?
3, 13
Suppose 1672 = 7*v + 216. Suppose h - 5*h + v = 0. List the prime factors of h.
2, 13
Let l be (-91)/(-28) + (-2)/8. Suppose 0 = -6*o + l*o + 51. Suppose -y + 3*j + 38 = -o, -4*y + 220 = -2*j. List the prime factors of y.
5, 11
Suppose -4*o - 4 = 0, -2*n = -3*o - 0*o + 7. Let x(g) = -g**3 - 3*g + 5. What are the prime factors of x(n)?
5, 29
Let o(d) = -6*d - 4. Let r be o(-2). Suppose 0 = u - 0*u - b - 2, b = 4*u - r. Suppose u*x + 42 = 58. What are the prime factors of x?
2
Let s = -8 - -13. Let v(k) = k**3 - 2*k**2 + 2*k - 4. What are the prime factors of v(s)?
3
Let k = -13 - -17. Suppose 3*z + 3*m = 15, -2*m + 4*m - k = 0. Suppose v - 4*y = 3*v - 36, 5*v - z*y = 64. List the prime factors of v.
2, 7
Let a be 9/4*32/6. List the prime factors of 104 - a/(-16)*-4.
101
Suppose -4*j = j - 5*p - 750, 0 = -4*j - 2*p + 606. Suppose 0 = -h - q + 3*q + j, -604 = -4*h + 2*q. List the prime factors of h.
151
What are the prime factors of (-29148)/(-8)*16/24?
7, 347
Suppose 0 = 13*o - 4547 + 205. What are the prime factors of o?
2, 167
Let d be 2 - (-1)/1 - 4. Let p(n) = 4*n**2 + 2*n + 1. Let l be p(d). Suppose -25 = -l*b + 8. What are the prime factors of b?
11
Let a(i) = i**2 + 8*i - 16. Let c be a(-10). What are the prime factors of 76 + 2 + 12/c?
3
Suppose -10*x + 12*x - 8 = 0. Suppose 5*f = 3*f + x*j + 228, -f = -4*j - 108. What are the prime factors of f?
2, 3, 5
Let p(j) be the third derivative of j**7/315 + j**5/20 + 7*j**2. Let r(m) be the third derivative of p(m). List the prime factors of r(1).
2
Let s = 43 - 7. Suppose -2*q + 14 = -4*g - 68, -q + 3*g + s = 0. What are the prime factors of q?
3, 17
Let j = 163 - 297. Let x = j + 251. List the prime factors of x.
3, 13
What are the prime factors of (-6)/((-9)/((-43659)/(-14)))?
3, 7, 11
Let r = -1232 - -2392. List the prime factors of r.
2, 5, 29
Suppose -41*w = -25*w - 9248. What are the prime factors of w?
2, 17
Let d(l) = -l + 4. Let q be d(-8). Suppose 0 = -x - q - 0. Let n = x - -16. What are the prime factors of n?
2
Let p be 210/(-9) - (-4)/(-6). Let d = -18 - p. List the prime factors of d.
2, 3
Let z = -12 + 22. Let q = z + 14. Suppose -4*c = -2*n - 2*n + q, 4*c + 13 = 3*n. List the prime factors of n.
11
Let a be 3*-1 - (-3 - 2). Suppose -2*f - a*f = -176. What are the prime factors of f?
2, 11
List the prime factors of (-6)/(-36) + (2 - 74190/(-36)).
2063
Let h(g) = g**2 - 2*g + 15. Suppose -20*z - 21 = -23*z. List the prime factors of h(z).
2, 5
Let o = -4 - -18. Let r = -6 + o. Suppose r*m + 54 = 3*k + 5*m, m - 30 = -2*k. What are the prime factors of k?
2
Let k(j) = -j**3 - j**2 - j - 3. Let w be k(0). Let b be w/2*96/(-36). Suppose 6*i - 8 = b*i. List the prime factors of i.
2
Let m be (-21)/3 + -3 + 4. Let v be (19 + m)/(0 - -1). Suppose 5*o - 37 = v. What are the prime factors of o?
2, 5
Let o(j) = -271*j + 392. What are the prime factors of o(-18)?
2, 5, 17, 31
Let a = 156 + 140. Let m = a - 88. List the prime factors of m.
2, 13
Suppose -4*t = -2*t + 10, -c + 4*t + 29 = 0. Suppose 0 = 7*k - c*k + 312. What are the prime factors of k?
2, 3, 13
Suppose -3*h - 3*t + 12 = -12, 5*h - 10 = t. Suppose -h*g = 6*g - 243. What are the prime factors of g?
3
Let n(c) = -c**2 - 3*c + 342. List the prime factors of n(0).
2, 3, 19
Let n(p) = -107*p - 3. List the prime factors of n(-3).
2, 3, 53
Let x(v) = 6 + 3*v**3 + 6*v - 17 - 12*v**2 - 2*v**3. List the prime factors of x(12).
61
Suppose -2*w + 5 = 25. List the prime factors of (-90)/25*w/2.
2, 3
Let v = -38 - -45. Suppose 0 = -k - 4, -p - v*k = -3*k - 91. List the prime factors of p.
107
Let s = -2 + 14. Let n be 3*(-4)/s - -2. Suppose 5*z = n + 34. What are the prime factors of z?
7
Let o be 9/27 + ((-1382)/(-3) - 1). Suppose -o = -5*y + 160. List the prime factors of y.
2, 31
Let h(f) = f**3 - 2*f**2 - f - 12. Let p be (-7)/14*(1 + -7). Let y(d) = 2*d - 1. Let o be y(p). List the prime factors of h(o).
2, 29
Let l(v) = 81*v - 100. What are the prime factors of l(9)?
17, 37
Let f = 23 - 35. Let s be ((-2)/(-4))/((-2)/f). Suppose 0 = 5*r, -2*r - 29 = -s*p + 127. List the prime factors of p.
2, 13
Let w(v) = v**2 - 5*v + 11. Let j be w(8). Suppose j = 11*i - 42. What are the prime factors of i?
7
Let j(y) = -y**2 - 8*y + 4. Let q be 0 + -9 + -1 + 2. Let r be j(q). Suppose 0 = -3*m - 3, -3*m = 2*o + r - 33. List the prime factors of o.
2
Suppose 3*j - o - 12 = 0, -o + 8 = -0*j + 2*j. What are the prime factors of 2/j + (-105)/(-6)?
2, 3
Suppose 880 = 4*l - 2*w, -l - 3*w = -4*l + 657. List the prime factors of l.
13, 17
Let p = -59 - -785. What are the prime factors of p?
2, 3, 11
Let d(f) = -186*f**3 - 2*f**2 + 1. Let n be d(-1). Let v = n + -124. List the prime factors of v.
61
Let w(c) = 16*c + 80. What are the prime factors of w(25)?
2, 3, 5
Let z(d) = d**2 - 3*d + 1. Let j be z(5). Suppose -77 = -3*x - j. What are the prime factors of x?
2, 11
Let s = 21 + -16. Suppose -3*x + 96 = 2*b, 0*b - 3*b = s*x - 159. List the prime factors of x.
2, 3, 5
Let n(i) = 73*i**3 - i**2. Let b be n(1). Let y = b - 44. Let v = y - 10. What are the prime factors of v?
2, 3
Let t(d) = d**3 - 26*d**2 - 68*d - 15. List the prime factors of t(29).
2, 67
Suppose 4*d = d - 15. Let p be (-7)/2*(-11 + d). Let j = p - 35. List the prime factors of j.
3, 7
Let g = 139 - 142. List the prime factors of 3/(35/(-57) - 2/g).
3, 19
Let n(p) = -2*p - 23. Let h be n(-11). Let b(s) be the first derivative of 19*s**3/3 + s + 2. List the prime factors of b(h).
2, 5
Let m(l) = 4*l + 241. List the prime factors of m(23).
3, 37
Let t(u) = -u**2 - 8*u - 5. Let a be t(-7). Suppose -3*h - 2*i + 3*i + a = 0, 2*h + 12 = 4*i. What are the prime factors of h?
2
Suppose 6731 = 6*q + 2111. Suppose 5*b = w - 266, 2*w = 5*w - b - q. List the prime factors of w.
2
Let m = -134 + 136. Suppose -339 = -5*r + m*r. List the prime factors of r.
113
Let q(p) be the first derivative of -p**5/60 - p**4/3 - p**3 - 5. Let d(t) be the third derivative of q(t). What are the prime factors of d(-6)?
2
List the prime factors of (1 - 10/(-8))/(41/24272).
2, 3, 37
Let j = 13 - 15. What are the prime factors of (-84 + 6)/j + (0 - 2)?
37
Suppose -1061 = -4*q + 1139. List the prime factors of q.
2, 5, 11
Let g be 115/2*4/5. Suppose 3*a = -3*b - 6 - 15, b = -4*a - 25. What are the prime factors of g/(-3)*a/4?
23
Let i(l) = l - 4. Let p(h) = -h**3 + 11*h**2 - 2*h + 13. Let w be p(11). Let b(m) = -m**2 - 10*m. Let f be b(w). List the prime factors of i(f).
5
Suppose -r + 4 = r. Let v be 4/(-16)*r*40. What are the prime factors of (-2)/(-8) + (-195)/v?
2, 5
What are the prime factors of -5 + (-3 - -487 - -1)?
2, 3, 5
Let o(y) = y**3 + y**2 - y - 6. Let q be o(0). Let n = q + 31. List the prime factors of n.
5
Let o(g) = -141*g - 87. List the prime factors of o(-11).
2, 3, 61
List the prime factors of (181*6)/(25 - 23).
3, 181
Let f(p) = 11*p**3 + 5*p**2 + 2*p + 4. What are the prime factors of f(3)?
2, 11
Let g(l) = -l**3 - 5*l**2 + 24*l + 12. Let u be g(-8). What are the prime factors of ((-8)/u)/((-8)/996)?
83
Let n be -1*(-48)/(-28)*(-154)/4. Suppose 7*t = 5*t + n. What are 